factors of 36280402?
2, 3907, 4643
List the prime factors of 155227791.
3, 51742597
What are the prime factors of 25870903?
1171, 22093
What are the prime factors of 201274751?
83, 2424997
What are the prime factors of 116359459?
116359459
What are the prime factors of 125586695?
5, 13, 37, 79, 661
What are the prime factors of 3849634430?
2, 5, 23, 983, 17027
List the prime factors of 554876082.
2, 3, 29, 83, 1423
List the prime factors of 69654418.
2, 19, 233, 7867
What are the prime factors of 320024689?
739, 433051
List the prime factors of 1762841906.
2, 7, 107, 1176797
What are the prime factors of 1681368015?
3, 5, 67, 1153, 1451
List the prime factors of 62936799.
3, 20978933
List the prime factors of 3622819389.
3, 7, 172515209
What are the prime factors of 38149853?
7, 17, 19, 47, 359
What are the prime factors of 14581083?
3, 11, 59, 7489
What are the prime factors of 1222826926?
2, 12823, 47681
What are the prime factors of 409551564?
2, 3, 53, 643949
List the prime factors of 73510323.
3, 23, 67, 15901
What are the prime factors of 860533565?
5, 172106713
List the prime factors of 1125395739.
3, 13, 9618767
What are the prime factors of 734977312?
2, 113, 439, 463
What are the prime factors of 1067512058?
2, 533756029
List the prime factors of 1458502125.
3, 5, 59, 65921
What are the prime factors of 5482114675?
5, 219284587
List the prime factors of 789418232.
2, 19, 673, 7717
List the prime factors of 67466846.
2, 17, 1984319
What are the prime factors of 4477850573?
7, 639692939
List the prime factors of 701008752.
2, 3, 457, 31957
What are the prime factors of 27484724?
2, 23, 31, 419
What are the prime factors of 1352770290?
2, 3, 5, 59, 373, 683
What are the prime factors of 56714538?
2, 3, 89, 106207
List the prime factors of 473978505.
3, 5, 7, 11, 13, 31567
What are the prime factors of 123416011?
123416011
What are the prime factors of 24820905?
3, 5, 1654727
What are the prime factors of 46591305?
3, 5, 17, 182711
What are the prime factors of 137253965?
5, 61, 619, 727
What are the prime factors of 114441139?
1367, 83717
What are the prime factors of 825152167?
7, 29, 293, 13873
List the prime factors of 1970717.
7, 281531
List the prime factors of 3450257788.
2, 862564447
List the prime factors of 2221965616.
2, 13, 29, 368363
List the prime factors of 105570163.
433, 479, 509
List the prime factors of 57112324.
2, 3329, 4289
What are the prime factors of 1184378990?
2, 5, 113, 1048123
What are the prime factors of 153456066?
2, 3, 433, 6563
What are the prime factors of 2513494040?
2, 5, 19, 3307229
List the prime factors of 68760671.
7, 47, 73, 409
List the prime factors of 893336174.
2, 137, 701, 4651
List the prime factors of 52883039.
11, 17, 282797
List the prime factors of 477843180.
2, 3, 5, 7964053
List the prime factors of 3439924187.
7, 223, 229, 9623
What are the prime factors of 2199415531?
37, 6299, 9437
List the prime factors of 1675340474.
2, 47, 17822771
List the prime factors of 63568745.
5, 12713749
What are the prime factors of 784669964?
2, 13, 67, 225221
List the prime factors of 1832245633.
1832245633
What are the prime factors of 2475480268?
2, 618870067
What are the prime factors of 702360769?
11, 31, 2059709
What are the prime factors of 84249769?
84249769
What are the prime factors of 77573788?
2, 17, 653, 1747
List the prime factors of 737281759.
59, 197, 229, 277
What are the prime factors of 68543438?
2, 34271719
List the prime factors of 164505298.
2, 82252649
What are the prime factors of 729356356?
2, 313, 439, 1327
List the prime factors of 1078478764.
2, 11, 331, 74051
What are the prime factors of 1169266436?
2, 13, 22485893
List the prime factors of 184189711.
97, 1898863
List the prime factors of 1278652248.
2, 3, 23, 59, 569
What are the prime factors of 2207562516?
2, 3, 3659, 16759
What are the prime factors of 64132540?
2, 5, 347, 9241
What are the prime factors of 185734347?
3, 61911449
List the prime factors of 477096904.
2, 223, 267431
List the prime factors of 10247101.
2207, 4643
What are the prime factors of 1394626871?
11, 173, 769, 953
What are the prime factors of 3394087240?
2, 5, 331, 389, 659
List the prime factors of 1043949368.
2, 7, 11, 1694723
What are the prime factors of 649835512?
2, 81229439
What are the prime factors of 1184646613?
1184646613
List the prime factors of 3267406606.
2, 1633703303
List the prime factors of 17839294.
2, 11, 773, 1049
What are the prime factors of 110397371?
7, 17, 927709
List the prime factors of 9399238.
2, 4699619
What are the prime factors of 5577025?
5, 41, 5441
What are the prime factors of 9627352?
2, 7, 171917
What are the prime factors of 47301984?
2, 3, 23, 37, 193
List the prime factors of 332787301.
7, 11, 211, 20483
What are the prime factors of 95318019?
3, 67, 52691
What are the prime factors of 10047576?
2, 3, 7, 11, 5437
List the prime factors of 272619199.
272619199
What are the prime factors of 95831842?
2, 41, 67, 17443
List the prime factors of 1129622078.
2, 13, 41, 1059683
What are the prime factors of 14831899?
14831899
What are the prime factors of 25728933?
3, 8576311
List the prime factors of 26782706.
2, 13391353
List the prime factors of 1577528107.
17, 92795771
What are the prime factors of 22407373?
22407373
List the prime factors of 13192894.
2, 11, 13, 163, 283
List the prime factors of 68876025.
3, 5, 918347
List the prime factors of 2238342608.
2, 101, 1385113
List the prime factors of 21352303.
7, 23, 132623
What are the prime factors of 420784790?
2, 5, 67, 628037
What are the prime factors of 46520678?
2, 757, 30727
List the prime factors of 142307428.
2, 35576857
List the prime factors of 441586518.
2, 3, 73597753
List the prime factors of 66752601.
3, 23, 967429
List the prime factors of 218883636.
2, 3, 17, 357653
What are the prime factors of 2076499591?
2351, 883241
List the prime factors of 6333339.
3, 29, 72797
List the prime factors of 3430113397.
43, 617, 129287
What are the prime factors of 11650916?
2, 17, 31, 5527
List the prime factors of 4824797077.
29, 37, 4496549
What are the prime factors of 83068169?
137, 223, 2719
What are the prime factors of 988501626?
2, 3, 7, 113, 69427
List the prime factors of 101121931.
4561, 22171
List the prime factors of 586165254.
2, 3, 97694209
What are the prime factors of 932678792?
2, 116584849
List the prime factors of 148457536.
2, 2319649
What are the prime factors of 2776397707?
19727, 140741
What are the prime factors of 406965871?
13, 31305067
What are the prime factors of 229107002?
2, 23, 4980587
List the prime factors of 5776528105.
5, 19, 149, 408091
What are the prime factors of 190971454?
2, 95485727
What are the prime factors of 87708127?
13, 518983
What are the prime factors of 207434012?
2, 1091, 47533
What are the prime factors of 546058089?
3, 71, 157, 5443
What are the prime factors of 211125793?
211125793
What are the prime factors of 145252160?
2, 5, 453913
List the prime factors of 26685199.
1553, 17183
What are the prime factors of 241577027?
23, 109, 173, 557
List the prime factors of 1130851333.
1130851333
List the prime factors of 397396573.
7, 17, 3339467
What are the prime factors of 45426444?
2, 3, 7, 479, 1129
List the prime factors of 74442849.
3, 13, 151, 12641
What are the prime factors of 482565572?
2, 19, 41, 251, 617
What are the prime factors of 32014432?
2, 563, 1777
List the prime factors of 327222057.
3, 643, 169633
What are the prime factors of 21885525?
3, 5, 32423
What are the prime factors of 644319260?
2, 5, 13, 19, 79, 127
List the prime factors of 2470253909.
2470253909
What are the prime factors of 892310863?
1039, 858817
What are the prime factors of 48064533?
3, 11, 1456501
What are the prime factors of 3282964628?
2, 19, 41, 1053583
What are the prime factors of 217601073?
3, 137, 19609
What are the prime factors of 1522344297?
3, 507448099
What are the prime factors of 2756547822?
2, 3, 7, 1297, 7229
List the prime factors of 361885012.
2, 37, 71, 34439
List the prime factors of 1958486653.
17791, 110083
What are the prime factors of 4803939062?
2, 13, 19, 9724573
What are the prime factors of 66781858?
2, 11, 13, 239, 977
What are the prime factors of 1224300660?
2, 3, 5, 11, 1855001
L